s -101000100 (base 2) in base 7?
-642
What is 2002 (base 7) in base 16?
2b0
What is -214101 (base 5) in base 2?
-1110011101001
Convert -1985b (base 12) to base 15.
-b1ab
Convert 948 (base 11) to base 14.
5b7
What is -1110001111101 (base 2) in base 12?
-4279
-142634 (base 7) to base 2
-110101100011000
Convert -3221212 (base 4) to base 2.
-11101001100110
Convert 7564 (base 8) to base 15.
128b
What is a84b (base 16) in base 2?
1010100001001011
Convert -2251 (base 6) to base 13.
-322
What is -1256 (base 12) in base 13?
-c42
Convert -2211333 (base 4) to base 10.
-10623
What is -404411 (base 5) in base 8?
-31462
6274 (base 8) to base 12
1a78
What is 1000101101001 (base 2) in base 10?
4457
What is -7527 (base 9) in base 3?
-21120221
36491 (base 10) to base 16
8e8b
Convert -293a (base 15) to base 5.
-240310
-19c9 (base 16) to base 5
-202401
432 (base 14) to base 12
590
What is -625 (base 9) in base 13?
-302
What is -1d6 (base 15) in base 13?
-26a
Convert 4868 (base 11) to base 6.
45250
401425 (base 6) to base 15
94db
What is -1011323 (base 4) in base 2?
-1000101111011
What is 15821 (base 9) in base 5?
321443
What is 24 (base 6) in base 3?
121
Convert -5022 (base 7) to base 8.
-3303
Convert -434 (base 9) to base 2.
-101100011
-28c3 (base 13) to base 4
-1130101
-7583 (base 9) to base 10
-5583
What is 101001000 (base 2) in base 12?
234
Convert 689 (base 12) to base 8.
1711
What is -46424 (base 7) in base 2?
-10111001100100
-e2ae (base 15) to base 13
-18a2b
What is -10021 (base 5) in base 11?
-529
68d6 (base 14) to base 5
1040340
What is -111ac (base 13) in base 6?
-355501
What is 1353 (base 12) in base 3?
10001100
-567 (base 12) to base 3
-1002121
Convert -3133100 (base 4) to base 6.
-150052
What is -3054 (base 9) in base 13?
-1030
What is 1111 (base 2) in base 12?
13
What is -5d32 (base 16) in base 2?
-101110100110010
-22111010 (base 3) to base 2
-1100000101010
Convert -23322222 (base 4) to base 13.
-192a8
Convert 12708 (base 10) to base 4.
3012210
Convert 517 (base 14) to base 9.
1332
What is -31d2 (base 14) in base 7?
-34052
What is -37003 (base 12) in base 2?
-10010001001000011
-a9 (base 14) to base 5
-1044
Convert 220202100 (base 3) to base 5.
1034140
-82b (base 13) to base 3
-1220110
1112 (base 3) to base 2
101001
What is -10100001011 (base 2) in base 4?
-110023
What is 1033 (base 6) in base 4?
3231
What is 168 (base 12) in base 6?
1012
What is 22022 (base 4) in base 3?
220002
-11110100100 (base 2) to base 16
-7a4
What is 48a (base 14) in base 9?
1216
Convert 113120 (base 5) to base 6.
31132
What is 33101301 (base 4) in base 13?
22638
What is -26363 (base 11) in base 13?
-14210
What is -1110001101 (base 2) in base 8?
-1615
Convert -46170 (base 10) to base 8.
-132132
What is 10211000 (base 3) in base 15?
c56
Convert -4bb (base 13) to base 5.
-11310
1444 (base 6) to base 3
112101
1122 (base 7) to base 11
341
What is c5e (base 15) in base 6?
20525
Convert 1aa1 (base 14) to base 12.
2979
What is d2b (base 14) in base 9?
3484
7377 (base 11) to base 16
2624
114333 (base 6) to base 7
41226
-3396 (base 13) to base 4
-1300311
-20120102 (base 3) to base 7
-16652
Convert -330 (base 5) to base 7.
-156
-10020100 (base 3) to base 11
-1854
Convert 1926 (base 16) to base 9.
8743
What is 50b3 (base 12) in base 6?
104343
-3002 (base 5) to base 16
-179
What is -1632 (base 7) in base 16?
-294
Convert 121102 (base 3) to base 15.
1e8
Convert -16322 (base 9) to base 3.
-120100202
81cc (base 16) to base 11
22a68
Convert 3122 (base 9) to base 16.
8f0
523 (base 10) to base 5
4043
Convert -1877 (base 9) to base 4.
-112213
-100002103 (base 4) to base 3
-10100002201
Convert 42b (base 16) to base 10.
1067
What is -1698 (base 14) in base 9?
-5504
Convert -16b6a (base 12) to base 14.
-bd2a
-471 (base 10) to base 3
-122110
Convert -10110111011 (base 2) to base 13.
-88b
25b2 (base 12) to base 4
1003112
What is 2183 (base 9) in base 14?
834
105341 (base 6) to base 16
231d
Convert -101100 (base 7) to base 9.
-25530
What is -12301222 (base 4) in base 3?
-1102001221
What is 1240 (base 6) in base 14?
184
42 (base 13) to base 16
36
-d83 (base 14) to base 2
-101001100111
Convert 23b (base 15) to base 12.
362
Convert -143 (base 15) to base 16.
-120
What is -10251 (base 8) in base 15?
-13e5
What is -366 (base 9) in base 4?
-10233
12560 (base 7) to base 16
d2e
Convert 67b (base 14) to base 9.
1677
Convert -15ab (base 12) to base 13.
-1235
What is -2141 (base 9) in base 4?
-120220
What is 54e (base 16) in base 15?
608
Convert -1100100101111100 (base 2) to base 16.
-c97c
Convert -20d5 (base 14) to base 9.
-7705
-214144 (base 5) to base 11
-563a
Convert 35442 (base 6) to base 4.
1100102
343 (base 10) to base 7
1000
What is -2101111220 (base 3) in base 12?
-23273
-102220220 (base 3) to base 11
-6591
What is 72a (base 12) in base 4?
100102
Convert -42434 (base 5) to base 6.
-21141
Convert -110101010110101 (base 2) to base 4.
-12222311
What is -6812 (base 12) in base 16?
-2d0e
Convert 4309 (base 11) to base 9.
7728
What is 1012002 (base 3) in base 12?
602
1101022201 (base 3) to base 6
325544
What is -112332 (base 6) in base 13?
-44cc
Convert 21531 (base 7) to base 12.
3170
What is -169 (base 14) in base 4?
-10201
-7051 (base 8) to base 2
-111000101001
What is 23641 (base 7) in base 5?
144104
-211212100 (base 3) to base 13
-7782
What is 1b3 (base 15) in base 12?
289
2d (base 14) to base 15
2b
What is -6f1 (base 16) in base 5?
-24102
Convert 15340 (base 6) to base 10.
2508
Convert -11011110011 (base 2) to base 8.
-3363
What is -3417 (base 8) in base 9?
-2427
Convert -36946 (base 11) to base 12.
-26848
-10354 (base 9) to base 11
-5170
Convert -1854e (base 15) to base 14.
-20a24
Convert 104 (base 7) to base 15.
38
Convert -259e (base 15) to base 11.
-6035
Convert -7161 (base 9) to base 6.
-40131
Convert -522 (base 10) to base 14.
-294
What is 53d (base 16) in base 11?
100a
What is 134514 (base 6) in base 11?
9612
What is 98a (base 16) in base 6?
15150
-10a (base 14) to base 6
-542
100001110 (base 2) to base 15
130
What is -1771 (base 9) in base 3?
-1212101
What is 7020 (base 8) in base 6?
24400
What is 66005 (base 8) in base 4?
12300011
What is -202 (base 12) in base 6?
-1202
-2030 (base 6) to base 14
-242
Convert 300 (base 6) to base 10.
108
What is 4a8b (base 13) in base 6?
121013
What is -10303 (base 4) in base 10?
-307
Convert 281 (base 9) to base 3.
22201
What is a5c2 (base 13) in base 5?
1213343
Convert -13202 (base 4) to base 8.
-742
-202021202 (base 3) to base 9
-22252
-1022102012 (base 3) to base 7
-135161
What is 46374 (base 8) in base 3?
1000000221
Convert -18590 (base 11) to base 9.
-38581
What is -798 (base 14) in base 3?
-2001210
2135 (base 11) to base 15
c81
What is -3123303 (base 4) in base 11?
-a629
Convert 18892 (base 13) to base 9.
72267
Convert 1011011 (base 2) to base 13.
70
Convert -111011010101 (base 2) to base 15.
-11d2
What is -21332 (base 4) in base 5?
-10023
What is -10204 (base 5) in base 3?
-221011
Convert 1166 (base 9) to base 13.
51c
301013 (base 4) to base 2
110001000111
What is 5279 (base 10) in base 5?
132104
Convert 11303 (base 7) to base 9.
3865
-12cc (base 13) to base 3
-10201010
Convert -b243 (base 14) to base 2.
-111011110101011
What is -10424 (base 8) in base 3?
-12222221
Convert 1012310 (base 4) to base 16.
11b4
-1110101010111 (base 2) to base 14
-2a47
Convert -321546 (base 7) to base 6.
-1110313
2011231 (base 4) to base 10
8557
3130 (base 5) to base 9
511
What is -8679 (base 10) in base 5?
-234204
-2100101 (base 3) to base 13
-a18
What is 1117 (base 8) in base 12?
413
What is -334 (base 8) in base 7?
-433
-2137 (base 10) to base 11
-1673
What is 167e (base 15) in base 14?
1aa0
-3406 (base 8) to base 7
-5146
Convert 1338 (base 10) to base 4.
110322
-569 (base 14) to base 12
-755
Convert -33b (base 15) to base 8.
-1333
Convert -23707 (base 8) to base 3.
-111222011
-22202 (base 4) to base 10
-674
41402 (base 7) to base 10
10145
Convert -1293 (base 14) to base 6.
-23041
What is -203 (base 12) in base 10?
-291
What is 132330 (base 4) in base 11?
1540
What is 31303 (base 4) in base 13?
52c
What is -120022 (base 3) in base 9?
-508
Convert 1118 (base 10) to base 14.
59c
Convert 2006 (base 7) to base 12.
498
Convert -10000010221 (base 3) to base 6.
-1133511
What i